tor of 50362 and 447?
149
What is the highest common divisor of 955 and 110?
5
What is the highest common divisor of 24824 and 26622?
58
What is the highest common divisor of 532 and 10213?
7
Calculate the highest common divisor of 347526 and 126.
18
What is the highest common factor of 129 and 169420?
43
Calculate the highest common divisor of 64 and 1964.
4
Calculate the greatest common factor of 131301 and 162.
81
What is the highest common divisor of 55450 and 4200?
50
What is the highest common factor of 258 and 862494?
258
Calculate the highest common factor of 81339 and 57.
57
Calculate the highest common factor of 136 and 2941.
17
Calculate the greatest common divisor of 53331 and 261.
87
Calculate the highest common divisor of 15862 and 966.
14
Calculate the greatest common factor of 78 and 45682.
26
What is the highest common divisor of 4 and 168442?
2
What is the greatest common divisor of 410 and 248830?
10
What is the greatest common divisor of 315 and 1395?
45
Calculate the highest common divisor of 6 and 156158.
2
Calculate the greatest common factor of 40212 and 564.
12
What is the highest common divisor of 3055 and 233545?
65
What is the greatest common divisor of 276412 and 608?
76
What is the highest common factor of 7268 and 26070?
158
Calculate the highest common divisor of 6605026 and 1076.
538
Calculate the highest common factor of 755514 and 3672.
918
What is the highest common factor of 287 and 7175?
287
What is the highest common factor of 4114 and 572?
22
Calculate the highest common factor of 1118 and 2451.
43
What is the greatest common divisor of 117330 and 150?
30
What is the greatest common factor of 13760 and 1280?
320
Calculate the highest common divisor of 1178 and 93.
31
Calculate the greatest common divisor of 2109 and 1824.
57
What is the greatest common divisor of 2023 and 50932?
119
Calculate the greatest common factor of 214139 and 2758.
197
What is the highest common factor of 1030916 and 8?
4
Calculate the greatest common factor of 32850 and 63729.
657
What is the greatest common divisor of 5186207 and 1612?
403
Calculate the highest common factor of 506 and 8326.
46
What is the highest common divisor of 88953 and 796?
199
Calculate the greatest common factor of 1092 and 10348.
52
Calculate the highest common divisor of 2066748 and 12.
12
What is the greatest common factor of 60532 and 8843?
37
What is the highest common divisor of 584483 and 446?
223
Calculate the highest common factor of 159461 and 362.
181
Calculate the greatest common divisor of 350259 and 39.
39
What is the highest common factor of 37584 and 290?
58
What is the highest common factor of 20585 and 575?
115
What is the highest common divisor of 723960 and 240?
120
What is the highest common factor of 64 and 2276672?
64
What is the highest common divisor of 235670 and 40?
10
What is the greatest common factor of 15 and 31305?
15
Calculate the highest common factor of 1311 and 239571.
57
Calculate the highest common divisor of 534150 and 630.
90
What is the greatest common factor of 70 and 5330?
10
What is the greatest common divisor of 3752 and 560?
56
Calculate the greatest common divisor of 236188 and 1293.
431
Calculate the greatest common factor of 13598 and 26.
26
What is the highest common divisor of 5128383 and 39?
39
What is the highest common divisor of 62 and 10557236?
62
Calculate the highest common divisor of 177140 and 680.
340
What is the highest common divisor of 28 and 1080156?
28
Calculate the highest common factor of 6 and 1502451.
3
Calculate the greatest common divisor of 116 and 4263.
29
Calculate the greatest common factor of 10017 and 3591.
189
What is the greatest common divisor of 4 and 22732?
4
Calculate the highest common divisor of 42652 and 160.
4
What is the greatest common factor of 17 and 160021?
17
Calculate the greatest common divisor of 464211 and 132.
33
What is the greatest common divisor of 146112 and 5632?
64
What is the greatest common divisor of 235966 and 889?
127
Calculate the greatest common divisor of 58482 and 1710.
342
Calculate the highest common divisor of 1349 and 1207.
71
What is the greatest common divisor of 15372 and 308?
28
Calculate the greatest common factor of 2718066 and 65.
13
Calculate the greatest common factor of 107319 and 498.
249
What is the greatest common divisor of 1170 and 270?
90
What is the highest common factor of 1328 and 2075?
83
What is the highest common factor of 16 and 2380464?
16
Calculate the highest common factor of 192 and 2916960.
96
Calculate the highest common divisor of 255 and 605.
5
What is the highest common divisor of 608 and 40831?
19
Calculate the highest common factor of 93 and 29481.
93
What is the highest common divisor of 577530 and 2530?
230
Calculate the highest common divisor of 80 and 109080.
40
Calculate the greatest common divisor of 2076 and 165.
3
What is the highest common factor of 1501060 and 330?
110
Calculate the highest common factor of 48 and 265648.
16
Calculate the greatest common divisor of 280 and 47572.
28
What is the highest common divisor of 1024 and 376?
8
What is the highest common factor of 17484 and 142476?
372
Calculate the greatest common divisor of 40 and 126880.
40
What is the greatest common factor of 8512192 and 32?
32
Calculate the greatest common factor of 201 and 40267.
67
What is the highest common divisor of 201 and 69747?
201
Calculate the greatest common factor of 487913 and 38099.
1229
What is the greatest common factor of 2754 and 5184?
162
Calculate the greatest common factor of 36865 and 20200.
505
What is the highest common factor of 84289 and 341?
31
Calculate the highest common factor of 357616 and 168.
56
What is the greatest common factor of 60 and 178170?
30
Calculate the highest common divisor of 26663 and 4981.
293
Calculate the greatest common factor of 18 and 17494.
2
Calculate the greatest common divisor of 212857 and 19.
19
What is the highest common factor of 1053 and 468234?
351
What is the greatest common divisor of 4448 and 15744?
32
Calculate the highest common divisor of 157 and 661127.
157
Calculate the highest common divisor of 5457 and 7225.
17
What is the highest common divisor of 321 and 444585?
321
Calculate the greatest common divisor of 4488 and 340.
68
What is the highest common factor of 120 and 1087000?
40
Calculate the highest common divisor of 3473 and 345.
23
Calculate the greatest common divisor of 267 and 637863.
267
What is the highest common factor of 278290 and 2?
2
What is the greatest common divisor of 170 and 221816?
34
Calculate the highest common divisor of 1428 and 168.
84
What is the highest common factor of 537 and 2106651?
537
What is the highest common divisor of 234119 and 103?
103
What is the highest common factor of 1284 and 6513090?
642
What is the highest common divisor of 102 and 174?
6
What is the highest common factor of 38 and 1043062?
38
What is the greatest common divisor of 67455 and 45?
45
Calculate the greatest common divisor of 123 and 27962.
41
Calculate the greatest common divisor of 101556 and 156.
156
Calculate the greatest common factor of 39 and 3626727.
39
Calculate the greatest common divisor of 1400 and 3050.
50
What is the greatest common divisor of 256650 and 30?
30
Calculate the greatest common divisor of 19947 and 3477.
183
What is the highest common factor of 62 and 79?
1
Calculate the greatest common divisor of 13453 and 14366.
11
What is the greatest common divisor of 7136 and 8?
8
What is the greatest common divisor of 42 and 17892?
42
Calculate the highest common divisor of 160 and 12520.
40
What is the highest common factor of 82380 and 1380?
60
Calculate the highest common factor of 1414 and 4942.
14
Calculate the highest common factor of 9828 and 728.
364
What is the greatest common factor of 350526 and 6?
6
Calculate the highest common divisor of 5164 and 116.
4
Calculate the highest common divisor of 7422 and 354.
6
Calculate the highest common divisor of 22827 and 21.
21
Calculate the greatest common factor of 736507 and 149.
149
Calculate the greatest common factor of 44447 and 22881.
263
Calculate the greatest common factor of 118 and 2154.
2
What is the greatest common factor of 116637 and 102?
51
Calcul